2 + f - 2. Let u(d) be the first derivative of v(d). Give u(-2).
-1
Let z(f) = 2*f**2 + 2*f - 3. Suppose -3*h - 11 + 5 = 4*a, -5*h = -10. Determine z(a).
9
Let h(v) = 2*v. Suppose 7*n = 6*n - 2. What is h(n)?
-4
Let x(y) be the first derivative of -y**3/3 - y**2/2 + y - 10. Let i = -3 + 5. Suppose 5*m - i*m = 0. Give x(m).
1
Suppose 12*x - 6 = 14*x. Let u(a) be the first derivative of 3*a + 1 + 0*a**2 - 1/3*a**3. Give u(x).
-6
Let a(x) = 11*x**3 - 24*x**2 - 6*x + 41. Let n(i) = -4*i**3 + 8*i**2 + 2*i - 14. Let f(p) = 3*a(p) + 8*n(p). What is f(8)?
-5
Let d(f) = -5*f**2 - 16*f - 9. Let y(n) = n**2 + 3*n + 2. Let b(x) = -2*d(x) - 11*y(x). Determine b(0).
-4
Suppose -1 = -2*a + a. Suppose -3 - a = 4*o. Let s(y) = -8*y**2 + 1. Determine s(o).
-7
Let w(k) = -5*k - 8. Let y(c) = 5*c + 7. Let u(i) = 5*w(i) + 6*y(i). What is u(2)?
12
Suppose -2*p + 3 + 5 = 0. Suppose -5*d + 8 = -p*i + 3, -1 = -3*d + 2*i. Let q(z) = -z**2 - 2*z + 1. Give q(d).
-2
Let n(m) be the third derivative of m**4/24 - m**3/6 + 2*m**2. Give n(-4).
-5
Let s be (-19)/3 - (-6)/18. Let l(w) = w**3 + 3*w**2 - 4*w - 7. Let z(d) = -2*d**3 - 5*d**2 + 7*d + 13. Let p(k) = 5*l(k) + 2*z(k). Give p(s).
-9
Let s(u) be the second derivative of u**3/6 + u**2/2 - 7*u. Calculate s(-6).
-5
Let p = -7 - -12. Suppose p*d - 7 = -27. Let g be (6/4)/(2/d). Let t(i) = -i**3 - 3*i**2 + 2*i. Calculate t(g).
-6
Let v be 24/36*(-6)/4. Let d(z) = -6*z**2 + z. What is d(v)?
-7
Let j(o) = o - 3 + 3 + 4 - 3. Calculate j(1).
2
Suppose -3*b - 3 = 3. Let x(r) = -r**2 - r. Give x(b).
-2
Let t(o) be the first derivative of o**3/3 + 5*o**2/2 + 4*o + 14. Calculate t(-3).
-2
Let h(n) = -n**2 - n + 3. Let z(a) = 3*a - 1. Let k be z(-1). Calculate h(k).
-9
Let j(a) = a**2 - 3*a - 6. Let z be j(5). Let b(q) be the first derivative of -1/4*q**4 + 1/2*q**2 + q**3 + 5*q + 6. Give b(z).
-7
Suppose 3 = -4*q + 5*q. Let r(v) = 0*v - 2*v - 3*v + 2*v**2 + 2*v**3 + 3*v - q. Let b be (4 - 2)/(0 + -1). What is r(b)?
-7
Let b(z) = -z**3 + 3*z**2 - z - 3. Let j be (2/(-4))/(1/(-4)). Let v = -3 + 5. Suppose v*y + 14 = 2*u, -4*y - 2 = 4*u + j. What is b(u)?
-6
Let w(n) be the third derivative of -n**4/24 - 2*n**3/3 - n**2. Let y = 104 + -107. Give w(y).
-1
Let b(x) be the first derivative of -x**5/20 - x**4/4 - x**3/2 - 3*x + 3. Let j(u) be the first derivative of b(u). Determine j(-2).
2
Let k(a) = -a**2 - 7*a + 1. Let u be (-42)/(-4)*8/(-12). Determine k(u).
1
Let p(f) = 3*f. Let h(y) = -4*y - 1. Let x(r) = -2*h(r) - 3*p(r). Let g = 482 - 274. Let n be g/56 + (-4)/(-14). Determine x(n).
-2
Let w(g) be the first derivative of -g**2/2 + 7*g - 27. Give w(-6).
13
Suppose 2*f = -3*f. Let j(v) = 3*v - 7 - 4*v + f*v. Calculate j(-4).
-3
Let y(k) = k**3 - k - 14. Suppose 4*w + 12 = 0, 0 = -3*a + a + 4*w + 16. Suppose 2*s = -a*s. Give y(s).
-14
Let g(f) = -f - 5. Let t be g(-8). Suppose 0*a + t*a = 0. Let q(c) = 9*c**2 + a*c + 2*c - 1 + 4*c**2 - 4*c**2. Calculate q(1).
10
Let r(q) = -q**3 + 3*q**2 - 2*q + 1. Let x be 6/(-24) + 0 + 18/8. Give r(x).
1
Let g(a) = -a - 7. Suppose 0 = -2*i - 2*i - 32. Let l be g(i). Let u(y) = 0 + 3*y**2 - 1 + 0*y**2. What is u(l)?
2
Let x be (-11)/22 + (-6)/(-4). Let k(c) = -12*c + 1. What is k(x)?
-11
Let g = 95 - 89. Let p(a) = a - 8. Determine p(g).
-2
Let a(k) = -3*k**2 + 4*k - 3. Suppose -5*y + 14 = -3*u, 0*u - 2*u - 5*y = -24. Calculate a(u).
-7
Let t(o) be the first derivative of o**2/2 - 2*o + 1. Suppose -2*w = -8*w. Determine t(w).
-2
Let r(p) = 2*p**3 - 19*p**2 + 5*p - 9. Let i(b) = -b**3 + 10*b**2 - 2*b + 5. Let k(s) = -7*i(s) - 4*r(s). Suppose 0 = 4*y + 5 + 3, 4*y + 3 = -j. Calculate k(j).
-4
Suppose 2*j + 0*h - 12 = -4*h, -2*j = h. Let u be (-20)/28 - j/(-7). Let t(k) be the first derivative of 8*k**3/3 + k**2 + k + 7. Determine t(u).
7
Let x(n) = n**2 - 2. Let q(h) = 7*h**2 + 3*h - 8. Let w(p) = -q(p) + 6*x(p). Calculate w(-4).
-8
Let k(z) = -2*z - 1. Suppose -3*m + 4*f = -10, 4*m - 14 = -m + 4*f. Suppose 10 = -m*g + 4*g. Let o(y) = 3*y + 1. Let s(h) = g*o(h) + 6*k(h). What is s(-1)?
-4
Suppose -4*s = 2*p + 14, 5*s = -2*p - 3*p - 10. Suppose -f = p*f - 12. Let y(g) = g**2 - 3*g - 3. Give y(f).
-3
Let n(f) = -f + 6. Let q(r) = -r**2 + 9*r - 4. Let d be q(8). Let z be 6/d*60/18. Give n(z).
1
Let l(t) = -t**3 - 2*t**2 + t. Let i be 8 - (3 + (-3)/3). Let o(z) = z**2 - 3*z. Let m be o(i). Suppose 5*a + 5*f + m - 3 = 0, 0 = 4*f. What is l(a)?
6
Suppose -5 = -5*s - 0. Let v(n) be the first derivative of -3*n**3/2 + n**2/2 + 7*n - 5. Let r(q) be the first derivative of v(q). Give r(s).
-8
Let j(m) be the second derivative of -m**4/12 + m**3 - 3*m**2/2 + 10*m. Give j(5).
2
Suppose -2*w + 5 + 17 = 4*t, 0 = w - 5*t + 17. Let u(m) = 3*m + 1. Let v(x) = -4*x - 2. Let g(j) = 3*u(j) + 2*v(j). Calculate g(w).
2
Suppose -5 = p, -g - 2*g - 5*p - 43 = 0. Let k(s) = -s - 5. Determine k(g).
1
Suppose 3*x = -5*r - 4 - 1, 7 = r - x. Let t(b) = -9 + b - r*b - b. Calculate t(-6).
3
Let k(y) be the second derivative of y**6/120 + y**5/12 + y**4/12 - 2*y**3/3 - y**2/2 - 3*y. Let z(f) be the first derivative of k(f). Calculate z(-3).
8
Let b(a) = -6*a - 1. Suppose 0 = -0*t - 7*t - 7. Determine b(t).
5
Let c(t) = 2*t + 1. Let w be c(2). Let q(h) be the third derivative of h**6/120 - h**5/10 + h**4/8 - h**3/2 + 16*h**2. What is q(w)?
-13
Let i(v) be the third derivative of -1/8*v**4 + 0 + 1/3*v**3 - v**2 + 0*v. Let t(n) = -3*n. Let w be t(-1). What is i(w)?
-7
Let h(w) = w - 3. Let j = 22 - 16. Determine h(j).
3
Let x(l) = l**2 + 3*l + 4. Let k(m) = m**2 - 11*m + 15. Let o be k(9). Calculate x(o).
4
Let v(s) = 0 - 5*s - 2 - 2 + s**2. Let f be v(6). Let d(c) = 3*c**2 + 2 + 1 + 4*c - 4*c**f. Calculate d(4).
3
Let z(c) = -c**3 - c**2 - 2. Suppose 3*d = d. Determine z(d).
-2
Let d(m) = m**3 + 15*m**2 + 15*m + 19. Let p be d(-14). Let a(v) = -v. Give a(p).
-5
Let j be (6 + 0)*(8/6)/(-1). Let t(b) = -b**3 - 7*b**2 + 7*b - 9. Determine t(j).
-1
Let c(y) = -7*y**3 - y**2 + y - 1. Let i = -48 - -49. Give c(i).
-8
Let i(z) = -5*z**2 + 5*z + 5 + 4*z**3 - 3*z**3 - 2*z**2. Let m(a) = -7*a + 209. Let f be m(29). Calculate i(f).
-1
Let c(t) = -t**2 - 3*t - 1. Let l(z) = -z**3 + 4*z**2 - 3. Let f be l(3). Suppose -f*y - 12 = -3*y. Give c(y).
-5
Let j(a) be the first derivative of 2 + 1/4*a**4 + a**2 + a - 4/3*a**3. What is j(2)?
-3
Let y = -13 + 15. Let k(h) = 4*h**2 - h**3 - y*h + 2*h + 2*h + 2. What is k(5)?
-13
Suppose 2*k - 5 = -1. Let d(i) = -2*i + 3*i + 0*i - k*i**2 + 3*i**2. Suppose -7 = -2*q - 0*q + 3*n, -n = 2*q + 5. Calculate d(q).
0
Let o(i) = i**2 + 8*i. Let g(u) = -5*u + 37. Let l be g(9). What is o(l)?
0
Let v(t) = -1 + 0*t**2 - 6*t + t**2 + 3*t. Give v(3).
-1
Let z(j) be the third derivative of j**5/60 + j**4/8 - 2*j**3/3 + j**2. Suppose -19 = -2*r + 41. Suppose -2*b = 3*k - 0*b + 7, 2*k + r = 5*b. What is z(k)?
6
Let f(g) = -g**3 - 7*g**2 + 8*g - 3. Let c be f(-8). Let y(o) be the third derivative of -o**4/24 - o**3/6 + 3*o**2. Calculate y(c).
2
Let v(j) = 20*j - 13. Let f be v(7). Let a(y) = -y**3 - 4 - 132*y**2 - 4 + f*y**2 + 4*y. Let i = 11 - 17. What is a(i)?
4
Let u(p) = 3*p - 2. Suppose z - 9 = -2*z. Let o(v) = -3 + z - v. Let f be o(-2). Give u(f).
4
Let l(o) = o**3 + 8*o**2 - 7*o. Let i(a) = 2*a**3 + 7*a**2 - 6*a - 1. Let z(q) = -2*i(q) + 3*l(q). Determine z(9).
2
Let g be -2*(-2 - 2)*(-28)/(-32). Let z(w) = w**3 - 8*w**2 + 6*w + 5. Give z(g).
-2
Let f(n) = n**3 - n**2 - n - 19. Suppose d + 3*x = 0, 3*x = -0*d + 3*d. Give f(d).
-19
Let x(m) = -m**2 + 6*m - 4. Suppose 25 = 5*o - 0*o. Let q be x(o). Let d be -6 + q/(1/3). Let l(p) = -p + 2. Give l(d).
5
Let m(n) = n - 6. Suppose s = x - 3*s + 14, 5*x - 4*s = -6. Suppose -2*t + 18 = 2*w - 6*t, -x*t - 19 = -3*w. Give m(w).
-1
Let t(q) be the second derivative of q**6/120 - q**5/15 - q**4/24 + q**3/3 + q**2/2 - 2*q. Let k(s) be the first derivative of t(s). Calculate k(4).
-2
Let x(l) = -1 + l**3 + 3*l**2 - 2 + 2*l + l**2. Let f(d) = 3*d - 5*d + 2*d + d + 2. Let h be f(-5). Give x(h).
0
Let a = 4 + -6. Let o(g) be the first derivative of -g**3 - 3*g**2/2 - g + 6. Give o(a).
-7
Let o be 0 + 3 + 0 - -2. Let s(c) = -c**2 + 8*c - 3. Calculate s(o).
12
Let r(j) = j**2 - 9*j + 6. Let o be r(4). Let v be (-52)/o - (-2)/7. Let k(a) = a**3 - 5*a**2 + 4*a - 4. Calculate k(v).
-4
Let